
Calculate (-1 - (1 + -3)) + -59 - (4064 - 4064).
-58
(-2 - -1 - 150) + (76 - 44 - (-33 - -61))
-147
Evaluate (0 - -1) + 5 - (-90 + (-27 - -115)) - -56.
64
Evaluate (-42 + 84 - 10) + 1 + -111.
-78
What is -4 + (21 - 12) + -38 + 2 - (56 - 54)?
-33
Evaluate -3 + 3 - (30 + -25 - -5).
-10
What is the value of (-1075 - -1107) + (0 - (-2 + 4)) + (-12 - -22)?
40
What is 553 + -491 + 2 + -130?
-66
Evaluate 35 - (-3 + (-10 - 16)).
64
What is (2 + 16 - (-133 - -33)) + (0 - -8) - 7?
119
Evaluate -24 + 14 + -6 + -3 - (-1 - -21).
-39
What is the value of 528 - 627 - (1 - 25)?
-75
What is -72 - (-43 - 25) - (0 + 0 + 1 - 6)?
1
What is -37 + -2 + (-21 + 8 - 20)?
-72
-18 + (29 + 37 - 15 - -25)
58
Calculate (233 - 229) + (5 - -12).
21
Evaluate 35 - (125 - 43) - 9.
-56
What is (4 - -1) + (-1 - (25 + -38)) + -9?
8
Calculate 1 + (31 - 17 - (-15 - -29)).
1
22 + -62 + 58 + -30
-12
Evaluate -2323 - -2270 - (-107 - 0).
54
-71 + -115 + 3 + 173
-10
What is 163 - 121 - (13 - -44)?
-15
Calculate (27 - 22 - (-11 + -9 + 17 + 5)) + 2.
5
Calculate (-86 - (-16 + -3 + 18) - -17) + -4.
-72
What is (17 - (29 - -17) - -61) + -40?
-8
-39 - 36 - -55 - 33
-53
What is the value of (-1 - -5 - -43) + -9269 + 9214?
-8
6 - ((-20 - 15) + 20) - 0
21
(6 - 20 - (-27 - (24 - 40))) + (2 - -2)
1
What is 0 - 28 - 1 - (-7053 + 7050)?
-26
Evaluate 2 - 25 - (1 + (15 - (10 - 0))).
-29
Evaluate (-27 + 0 + 36 + -12 - (1 - -8)) + -30.
-42
What is the value of (-2 + 1 - -5) + 59 + 119 + -159?
23
(1 - 18) + (-73 - (-66 - 47))
23
Calculate -90 - (11 - (14 + 45)).
-42
Calculate (-64 + -25 - 26 - 32) + 37.
-110
Calculate 1 + -32 - (191 + -145).
-77
Calculate (-34 - (3 + 6)) + -10 + (-5 - -14).
-44
What is the value of 26 + (42 - (67 + -39))?
40
Evaluate 18 - (-2 + 2) - (55 - (-64 + 32)).
-69
Evaluate 338 - 282 - (39 + 0).
17
What is 34 + -52 + -5 + 34?
11
(-7 + -2 - 5) + (19 - (0 + 8) - 114)
-117
Evaluate -16 + (-9 - -26) + 1 + (-83 - -6) + 9.
-66
What is (-41 - -220) + -91 + -11 + 0?
77
((-21 - -39) + 18 - 34) + (2 + 92 - 1)
95
What is the value of -59 - (0 + (-26 - 5 - -16) - -16)?
-60
Evaluate 23 + 2 - 16 - (4 + -3 + 2).
6
29 + (72 + 14 + -29 - -23)
109
Evaluate 14 + (-43 - (-98 + 37)).
32
Calculate (-41 - -6) + (7 - -93 - -60).
125
-5 + 42 + (126 - 114)
49
Calculate -25 + -93 + (90 - -52).
24
What is the value of -4 + (12 - (3 + (10 - (11 - 11))))?
-5
Calculate 13 - (4 + 7 + 0 + 11) - -8.
-1
Evaluate (-81 - (-68 - -30)) + -3.
-46
What is the value of -1023 - -962 - (-46 + -2)?
-13
Evaluate ((5 - 10) + 2 - (80 - 86)) + 17.
20
What is (4 - 12) + (-18 - (-3 + -21 + 8))?
-10
3 + (3 - 2 - (-6 + 15 + 2 + -19))
12
What is the value of (-36 + 37 - -85) + 34?
120
Calculate (0 - -1) + (-34 + 42 - (-27 + 1)).
35
What is (422 - 392 - (-1 - -45)) + 16 + 2 + 108?
112
What is 87 + -151 + 33 + 125?
94
What is the value of (-42 - -27) + -46 + 0 + 6?
-55
Calculate (-9 + 12 - 11) + -10 + 0.
-18
What is (-29 - -18 - 18) + 14 - (-2 - (4 + -1))?
-10
What is the value of (8 - (6 + 1)) + -8 - ((1 - 0) + 18)?
-26
What is (1 - (15 + -10 + 20 + -33)) + (-50 - 2)?
-43
Calculate -19 + -123 + -10 + 83.
-69
21 + (0 + -14 - (-14 + 35))
-14
37 + (-24 - (31 - -1))
-19
What is the value of 14 - (22 + -31 + (-7 - (-6 - 20)))?
4
Calculate 2065 + -2084 + (3 - -10) + -2 + 2.
-6
Evaluate (178 - 200) + -4 + 0 + 2.
-24
What is 1 + 0 + 126 + (-130 - -24)?
21
-54 + (-25 - -69 - -20)
10
What is the value of (-5 - -2 - -114) + (-14 - -17) + -20?
94
What is 51 + 37 + -51 - (1 - -3)?
33
What is the value of 13 - (9 + 2) - (-6 + (-3 - -66))?
-55
3 + (-12 - -28) - 14 - -77
82
(35 - (-56 - -28)) + 9
72
What is (-15 + -8 - (-10 + 1) - -8 - 4) + 15?
5
Evaluate -1 + 45 - (5 + (29 + (-25 - 5) - 12)).
52
What is -2267 + 2389 - (58 - 0)?
64
What is the value of 2 + -7 - (-37 + 0 + -2 + 99 + -96)?
31
What is the value of 0 + 22 + -133 - (-22 + 10)?
-99
What is -67 + -12 + 20 - -11?
-48
Evaluate -29 - (3 - -1 - (-659 - -685)).
-7
What is the value of 13 + 5 + -5 + 20 + (-24 - -11)?
20
Evaluate -8 + 162 + -102 - 103.
-51
Evaluate -48 - (153 + (-67 - -19)).
-153
Calculate -3 + -14 + -4685 + 4564.
-138
Calculate -3 + -6 + (5 - (16 + -31)).
11
What is -184 + (5 + 13 - -66)?
-100
What is (2 - 18) + (29 + 5 - 65)?
-47
Evaluate 78 + (-26 - (9 + (17 - 25))).
51
What is -142 - (22 + -8 + (-6 - -7) + (-82 - -69))?
-144
Evaluate 4 + -3 - -1 - (-1 + 5) - (82 + -81).
-3
What is the value of (9 + 26 + -16 - 92) + -5 + 3 + 10?
-65
Evaluate 38 + (16 - (4 + 10)) + (-2 - (2 - -1)).
35
42 - (-26 + 30 + 34)
4
Calculate 10 - (3 + -1 - 97) - (-10 + 10 - -4).
101
What is 14 - (10 - (-14 - -12 - 1))?
1
Evaluate (-5 - -1) + 1 + 9 + -447 + 450.
9
Calculate -19 + 15 + -36 - (-1 + 0 - 7).
-32
What is (-7 - (-69 + 61)) + 1 + 38?
40
63 - (-23 - -28 - (-24 + 7))
41
Calculate 201 + -199 + (-48 - 1) + (-1 - -2).
-46
Calculate 1 + 142 + -5 + -14 - (-105 - -120).
109
What is the value of (25 - (9 + 6 - 9 - -99)) + -5?
-85
What is (7 - 38) + -26 + 11 + 185?
139
What is (241 - 247) + 10 + -49?
-45
Evaluate -13 + (-338 - -404) - (1 + -8).
60
What is the value of (-59 - -82) + -86 + 55?
-8
What is -5 + -125 - (31 - 98)?
-63
(25 - 26 - (-13 - -7)) + -13 - -8
0
Calculate (-1039 - -1061) + (16 + 0 - 4).
34
Evaluate -6 + 23 - 5 - (23 - -17 - (-3 + 13)).
-18
(-53 - (-31 + -17)) + 49
44
Evaluate 5 - (-61 + 74 - (3 - -6)).
1
What is (19 - 39) + -17 - -20 - (-76 + 16)?
43
What is 12 + (24 - 9) + -11 + -21?
-5
What is the value of 44 + (16 + -2 - 39) + (0 - -63)?
82
Evaluate 4 + 22 - (6 + (-4 - (19 + -6))).
37
What is (1081 - 1007) + (0 - 34)?
40
What is -43 - (81 - (270 - 66))?
80
What is -26 + (7 - (2 - 1 - 2 - (-34 - -32)))?
-20
Calculate (1 - 0) + 3 + -6 + 2215 + -2236.
-23
Evaluate 7 + -4 + -2 + -359 + 325.
-33
What is the value of 254 - 301 - (0 - -1 - 99)?
51
((8 - (-28 + -7)) + -18 - 4) + -1 + 5
25
What is the value of (-35 + 9 - -43) + -54 + (2 - 16)?
-51
Evaluate (-76 - -57) + 40 + 0 - -12.
33
Evaluate 44 - (145 + (-75 - -23)).
-49
Evaluate -78 + 1 + (188 - 493 - -319).
-63
What is 17 + -18 - (19 + -3 - (17 - 6))?
-6
Evaluate (-7 - 7) + (-1 + -13 - -38) + 8.
18
(-6 - (-13 - (-7 + -7))) + 21 + 16
30
What is the value of 1 + (-2 - 28 - (-3 + 8 + -4))?
-30
What is the value of 10 - 24 - 82 - -16?
-80
82 - ((-82 - -44) + (0 - -15))
105
What is (-6 + 8 + 1 - 3) + 29 + -93 - 10?
-74
What is 47 + (-17 - -8) + (-20 - (0 + -6))?
24
Calculate (-871 - -906) + (-20 - 1) - (14 + -1).
1
Calculate (3 - (-2 + 3 + 10)) + (-8 - -1).
-15
Evaluate -10 - (3 - -17 - 8) - 11.
-33
What is the value of (0 - 2) + (314 - 282) - 90?
-60
What is 10 + -10 - (17 - (5 - (7 - 5))) - 3?
-17
-332 + 295 - (-30 - -2)
-9
-120 + 151 + -45 + (21 - 9)
-2
Calculate (-63 + 36 - 24) + 0 - 43.
-94
Evaluate 2 + (13 - 2) + 1429 + -1481.
-39
Calculate (103 - 78 - 41 - (-2 + 73)) + -9.
-96
Calculate (-30 - 1) + (-48 + 22 + 22 - (31 - 35)).
-31
Evaluate -152 + 119 + (-160 - -235).
42
Calculate -25 - (19 + 9 + -52 + 19) - 18.
-38
What is 57 + -24 + -124 + 81?
-10
What is -29 + (-9 - (7 + -3) - (-30 - (0 + -21)))?
-33
What is the value of -14 + -9 + (-2 - (-2 + -1 - 10))?
-12
Calculate -6 + 1 - ((32 - 8) + -56).
27
Calculate -61 + 82 - (-36 + -11).
68
What is -5 - -42 - (11 + 5 + -16)?
37
Calculate (2340 - 2392) + (-1 - 30).
-83
What is the value of 17 - (-178 + 180) - (1 + 104)?
-90
What is the value of 50 + (6 - 0) + (25 - 19) + -13?
49
What is the value of -4 + (-43 + 18 - -28) + (41 - -1)?
41
Calculate -14 + (-39 + -9 - 12) + (12 - -2).
-60
Calculate 4 + (29 + 25 - 0) - (-1 - 1).
60
Evaluate (16 - 4) + 3 + 88 + -44.
59
Evaluate (-3 + (-9 - -17) + -6 - -58) + (-2 - 4).
51
Evaluate (-67 - -44) + 52 - 23.
6
Evaluate (-2 - -128) + -274 + 190.
42
48 + -3 + -19 + 3 + -3
26
(-112 + 63 - -53) + (30 - 1)
33
Calculate -2 + 0 + (9 + 1 - (-5 - (10 - -7))).
30
What is 16 + (11 - (18 + (-19 - -14))) + -12?
2
What is the value of -1 + -141 - (362 + -698 + 306)?
-112
What is the value of 2 - 1 - 3 - (181 + -311 + 18 + -1)?
111
What is 83 + 24 + (-66 - -6)?
47
Evaluate (-1109 - -1125) + -155 + 0.
-139
What is the value of (21 + -28 - (-5 - (9 + (6 - 13)))) + -25?
-25
(-58 - -23) + 18 - (4 + -1 - -37)
-57
What is the value of -53 + (142 - 131) + -33?
-75
What is (-53 - -71 - 19) + -46?
-47
What is 15 - -2 - (-3 - 9)?
29
What is -10 - (-4 + -12 + (37 - 9))?
-2